10011
Convert -3f0 (base 16) to base 8.
-1760
-1738 (base 13) to base 3
-11200221
Convert -1101 (base 13) to base 11.
-1862
Convert -212032 (base 5) to base 11.
-5403
Convert 1020221202 (base 3) to base 14.
9040
-10011101000 (base 2) to base 16
-4e8
-140 (base 10) to base 15
-95
What is -110011100010001 (base 2) in base 14?
-9889
What is -10a67 (base 11) in base 15?
-4ab9
What is -15612 (base 7) in base 14?
-1879
Convert -1076 (base 8) to base 14.
-2d0
-122220 (base 3) to base 14
-267
6abc (base 13) to base 5
440102
-464a (base 12) to base 4
-1322122
-47250 (base 11) to base 16
-10a52
What is -b599 (base 14) in base 7?
-160152
Convert 11c5 (base 13) to base 7.
10240
Convert 32265 (base 12) to base 2.
10000000111101101
What is 5375 (base 11) in base 3?
100201222
What is 21123 (base 4) in base 16?
25b
Convert -463a (base 12) to base 6.
-100114
What is bab (base 13) in base 3?
2202002
Convert -14c (base 15) to base 14.
-173
Convert 7b1 (base 12) to base 11.
948
Convert -221222 (base 3) to base 5.
-10301
Convert -10002010 (base 3) to base 7.
-6354
Convert -29a (base 12) to base 7.
-1120
What is 3232312 (base 4) in base 6?
154434
Convert -100265 (base 7) to base 16.
-4238
Convert 64253 (base 7) to base 9.
23742
-24445 (base 6) to base 11
-27aa
What is 11000110010001 (base 2) in base 12?
7415
What is eab (base 16) in base 9?
5132
1111333 (base 4) to base 10
5503
-132b5 (base 15) to base 6
-1152042
-26c (base 15) to base 3
-202110
What is -353014 (base 6) in base 10?
-30466
Convert 75a2 (base 14) to base 5.
1122310
-11010011000110 (base 2) to base 11
-a172
Convert 12716 (base 9) to base 5.
233401
What is -800 (base 12) in base 5?
-14102
Convert 23636 (base 7) to base 11.
4693
-a60 (base 12) to base 9
-2060
-3401 (base 5) to base 9
-578
-2145 (base 7) to base 4
-30000
12244 (base 6) to base 3
2111201
What is -11031 (base 4) in base 6?
-1313
-687 (base 16) to base 14
-875
What is 88a5 (base 12) in base 6?
153525
Convert -584 (base 13) to base 10.
-953
Convert 154 (base 15) to base 9.
367
-11111011101 (base 2) to base 3
-2202120
Convert -15a1 (base 12) to base 10.
-2569
What is -1b71a (base 12) in base 2?
-1001111101000110
Convert -11100110 (base 2) to base 6.
-1022
-10111 (base 5) to base 16
-290
-21222032 (base 4) to base 11
-277aa
What is 372 (base 13) in base 4?
21120
-12be (base 16) to base 5
-123143
Convert 1c5 (base 14) to base 2.
101110001
What is 24 (base 9) in base 16?
16
What is -17 (base 12) in base 9?
-21
What is -1111011110101 (base 2) in base 6?
-100405
What is -41251 (base 6) in base 8?
-12577
Convert 398 (base 15) to base 3.
1010022
Convert 1341 (base 8) to base 13.
449
What is 142142 (base 6) in base 16?
348e
Convert -27870 (base 11) to base 5.
-2232034
Convert 1000111111100 (base 2) to base 6.
33152
Convert -21526 (base 11) to base 2.
-111101000001110
2201102 (base 3) to base 13
b96
1122201002 (base 3) to base 12
16a3b
What is -10 (base 8) in base 16?
-8
Convert 3a5 (base 15) to base 9.
1122
Convert -2126 (base 8) to base 7.
-3144
Convert 4cec (base 16) to base 2.
100110011101100
Convert 26686 (base 9) to base 11.
12629
Convert -111000010 (base 2) to base 8.
-702
-198a (base 13) to base 14
-157a
-1272 (base 13) to base 11
-1a7a
Convert -1011101000 (base 2) to base 14.
-3b2
4323 (base 7) to base 14
7ba
-604 (base 11) to base 7
-2062
What is -5a1b (base 15) in base 5?
-1103101
What is -582 (base 15) in base 9?
-1635
What is -110 (base 13) in base 5?
-1212
What is -2646 (base 7) in base 5?
-13024
Convert 278 (base 14) to base 5.
3443
Convert 1011101000 (base 2) to base 13.
453
What is 10222 (base 3) in base 7?
212
-11101 (base 2) to base 10
-29
Convert 34503 (base 7) to base 3.
110002210
What is 87 (base 11) in base 13?
74
What is 1330302 (base 4) in base 8?
17462
What is -1215 (base 6) in base 2?
-100101011
What is -797 (base 16) in base 2?
-11110010111
What is 3522 (base 6) in base 11?
6a6
What is c59d (base 14) in base 15?
a14c
1290 (base 10) to base 2
10100001010
What is 1723 (base 9) in base 2?
10100100101
What is 5b42 (base 13) in base 7?
52414
-233231 (base 4) to base 6
-22045
Convert -5984 (base 13) to base 3.
-122022012
23535 (base 6) to base 3
11201112
-4737 (base 12) to base 5
-223323
Convert -20001210 (base 3) to base 5.
-120142
-8155 (base 12) to base 7
-55625
-6090 (base 15) to base 6
-234213
-401253 (base 6) to base 5
-2001200
-110331 (base 4) to base 12
-939
Convert -589 (base 11) to base 16.
-2be
Convert 280 (base 16) to base 12.
454
What is 4241 (base 14) in base 12?
6741
What is -2723a (base 12) in base 8?
-151216
14002 (base 7) to base 14
1539
Convert -24455 (base 6) to base 15.
-1125
-11 (base 5) to base 7
-6
What is 3672 (base 8) in base 12?
118a
-111101101 (base 2) to base 14
-273
What is 2021 (base 5) in base 3?
100200
Convert -45430 (base 7) to base 5.
-332121
Convert 160 (base 7) to base 15.
61
-30302 (base 5) to base 2
-11110100000
-1441 (base 7) to base 5
-4233
What is 381 (base 15) in base 3?
1002111
Convert 1417 (base 9) to base 10.
1069
-173 (base 10) to base 3
-20102
Convert -12224 (base 6) to base 11.
-1401
Convert 13242 (base 5) to base 12.
754
-101111100 (base 2) to base 8
-574
Convert -567 (base 11) to base 8.
-1246
What is -36260 (base 8) in base 16?
-3cb0
733 (base 13) to base 11
a14
What is -198 (base 11) in base 16?
-e4
What is -1011000101000 (base 2) in base 10?
-5672
2401 (base 7) to base 14
471
8615 (base 9) to base 13
2b61
-50b (base 12) to base 15
-33b
Convert -105344 (base 6) to base 7.
-35134
What is -20321 (base 5) in base 9?
-1744
a97 (base 12) to base 9
2117
Convert -332a0 (base 12) to base 14.
-1a9cc
Convert 42500 (base 8) to base 9.
26277
Convert 302 (base 5) to base 11.
70
-1220 (base 8) to base 15
-2db
Convert -1221200 (base 3) to base 13.
-855
-2f4a (base 16) to base 3
-121121101
Convert -1100210 (base 3) to base 9.
-1323
What is -14538 (base 10) in base 6?
-151150
Convert 24be (base 16) to base 11.
7081
-12034 (base 5) to base 12
-626
Convert 6116 (base 11) to base 6.
101340
Convert 705 (base 11) to base 9.
1146
Convert c7c6 (base 15) to base 8.
122425
What is -348 (base 10) in base 2?
-101011100
Convert 2102012 (base 3) to base 5.
24020
What is -966 (base 11) in base 3?
-1121000
Convert 1323 (base 8) to base 9.
883
What is 64 (base 15) in base 8?
136
258 (base 10) to base 5
2013
2002112220 (base 3) to base 5
2304401
6650 (base 7) to base 15
a92
What is 64530 (base 7) in base 12?
9350
20478 (base 9) to base 7
54260
Convert -27c4 (base 14) to base 6.
-52320
-2022 (base 5) to base 9
-321
-22145 (base 8) to base 15
-2b62
What is -342433 (base 5) in base 7?
-50460
112010 (base 3) to base 8
575
-1322 (base 4) to base 12
-a2
What is -2913 (base 13) in base 12?
-3523
What is -14ae (base 15) in base 3?
-20002102
What is -2430 (base 13) in base 3?
-21000020
Convert -646 (base 8) to base 2.
-110100110
What is -250c (base 16) in base 13?
-4417
Convert -25645 (base 9) to base 2.
-100001110001110
336 (base 12) to base 5
3344
1101011110 (base 2) to base 5
11422
-14703 (base 8) to base 5
-202340
-8756 (base 9) to base 12
-3896
7bd (base 15) to base 7
5053
What is -64 (base 11) in base 3?
-2121
What is a76 (base 14) in base 16?
810
What is 11001123 (base 4) in base 11?
14501
641 (base 7) to base 3
102222
Convert -340 (base 12) to base 7.
-1254
What is 11423 (base 5) in base 11?
715
What is 28c8 (base 16) in base 14?
3b3a
What is -334 (base 10) in base 3?
-110101
Convert 11001010000 (base 2) to base 3.
2012212
Convert -b22 (base 15) to base 3.
-10102212
What is -3006 (base 7) in base 5?
-13120
-1514 (base 6) to base 11
-33a
-21636 (base 7) to base 3
-21111110
50454 (base 7) to base 6
132400
Convert 5 (base 15) to base 2.
101
Convert -27166 (base 11) to base 9.
-58182
Convert -20230 (base 5) to base 15.
-5ca
What is -2505 (base 6) in base 4?
-21221
What is -26a93 (base 11) in base 7?
-220323
9861 (base 12) to base 11
11672
Convert -3267 (base 8) to base 12.
-bb3
What is 216600 (base 7) in base 5?
2211432
Convert -31011 (base 5) to base 9.
-2668
4a6 (base 12) to base 14
382
What is 46d3 (base 14) in base 6?
133041
-2211001 (base 3) to base 9
-2731
What is -334 (base 8) in base 7?
-433
What is 32343 (base 6) in base 16?
1167
What is -111011011 (base 2) in base 6?
-2111
Convert -5245 (base 9) to ba